) = -5*k(w) + n(w). Let j be i(0). List the prime factors of v(j).
53
Let i(j) = -19 + 53 + 32 + 6*j - 11*j. List the prime factors of i(-6).
2, 3
Let s be 1 + -3*2 + 186/93. Let n(z) = -3 + 7*z + 2 + 10*z**2 + 7. List the prime factors of n(s).
3, 5
Let t(w) = w**3 - 5*w**2 + 18*w - 32. Let x be t(3). Suppose x*f - 3363 = -155. What are the prime factors of f?
2, 401
Let b be (-74116)/(-36) + (-60)/(-27) + -2. Suppose -4*l = 12, 3*l + b = 5*j + 720. List the prime factors of j.
2, 7, 19
Let r(u) = -u**3 - u**2 + 20*u + 7017. List the prime factors of r(0).
3, 2339
Let n(u) = -u - 5. Let p(t) = -t - 6. Let d(y) = -4*n(y) + 3*p(y). Let w be d(-2). List the prime factors of (249 - -6) + 3 + w.
2, 3, 43
Suppose -2*v + 2*h = -10980 - 6882, -2*h - 26788 = -3*v. Suppose 8174 + v = 20*l. What are the prime factors of l?
3, 5, 19
What are the prime factors of 1689/(-12)*(-16)/6*(-18180)/(-120)?
101, 563
Suppose 3*r = 4*r + 5, -5*b - 5*r - 65 = 0. Let f be -3 + (-8)/(b/3). Suppose -g - 22 = -2*g + 2*q, -3*g - 4*q + 106 = f. What are the prime factors of g?
2, 3, 5
Let t(y) = -5*y**2 - 7*y - 49. Let l(c) = 3*c**2 + 3*c + 25. Let i(z) = 7*l(z) + 4*t(z). Let b be i(9). What are the prime factors of ((-303)/b)/(2 + -1)?
101
Suppose -3*r - 2 = -o - 4, 2*r + 8 = -4*o. List the prime factors of 2/((0 - (-1 - r))/435).
2, 3, 5, 29
What are the prime factors of ((-1268)/(-1))/(6/((-36)/(-84)*203))?
2, 29, 317
Let q(x) = 6*x**3 - 18*x**2 - 75*x - 533. List the prime factors of q(22).
197, 269
Let n be (1 + 19)*1/(-2). Let q(y) = -37*y - 33. Let j be q(n). Let r = -104 + j. List the prime factors of r.
233
Let q(t) = -t + 2. Let y(p) = -35*p + 66. Let d(s) = -q(s) + y(s). What are the prime factors of d(-4)?
2, 5
Let b = 72572 + -41693. What are the prime factors of b?
3, 47, 73
Let t(s) = -31*s. Let d(k) = -1. Let w(u) = -2*d(u) - t(u). Let q be w(-2). Let x = 114 + q. What are the prime factors of x?
2, 3
Suppose -2*u + 56920 = 6*w - 76342, u - 5*w = 66607. What are the prime factors of u?
2, 33311
Suppose 0 = -5*w - 2*a + 10553, -2*a = 181*w - 184*w + 6319. What are the prime factors of w?
3, 19, 37
Suppose 5*u = -4 - 1, 5*u = 3*x + 10. Let s be (-1 - 1*-2)*(x + 24). Let i = 5 + s. List the prime factors of i.
2, 3
Suppose 24*f - 221001 = -9*f. What are the prime factors of f?
37, 181
Let n(b) = 17*b - 78. Suppose -x + 24 = h, x - 5*h = -13 + 49. List the prime factors of n(x).
2, 7, 13
Let n(h) = -10*h**2 - 12*h**2 + 3*h + 24*h**2 + 2 - 8*h**3 - 364*h**3. What are the prime factors of n(-1)?
373
Suppose -4*g + 13 = 1. Let l(v) = v + 1. Let p be l(g). Suppose 5*c - 5*y = 720, -c - p*y = 4*c - 720. List the prime factors of c.
2, 3
Suppose -21 = 7*d + 28. Let r(y) = -y**3 - 5*y**2 + 16*y + 14. Let j be r(d). Suppose j*b = -3*b + 141. List the prime factors of b.
47
Let u = 27 - 25. Suppose 4*r - u*r = 5*t - 20, 2*r - 4 = -t. Suppose -i - 167 = -2*d, -5*i + 4 - 9 = r. List the prime factors of d.
83
Let z(f) = 140*f**2 - 65*f - 12. List the prime factors of z(7).
3, 2131
Let o(m) = -m**2 - 22*m - 85. Let v be o(-5). Suppose 3*z - 121 = -b, 0 = -10*b + 5*b + 20. Suppose v = 5*q - z - 11. List the prime factors of q.
2, 5
Let a = 1 + -3. List the prime factors of a*(-5 + -3)*28.
2, 7
Suppose x + 3*k = 14, 0*x = 2*x + 2*k - 8. Let s(w) be the first derivative of 13*w**3/3 + 2*w**2 + 3*w - 284. List the prime factors of s(x).
2, 3
Let q = 16681 + 19773. What are the prime factors of q?
2, 11, 1657
Let a be (5/(-15))/((-4)/672). Suppose 0 = 3*g, 2*k + 8*g - a = 6*g. List the prime factors of k.
2, 7
Let p = 80 - 63. Let k(u) = -u**3 + 18*u**2 - 10*u + 11. What are the prime factors of k(p)?
2, 5, 13
Let i be (3/5 - (-308)/70) + -3. Suppose 14*v = i*v + 3648. List the prime factors of v.
2, 19
Let d be 3 + 54/(-15) + (-12978)/45. Suppose 970 = 14*m - 12*m. Let v = m + d. List the prime factors of v.
2, 7
Suppose -42 = 4*k - 34, -2*k = -2*y + 133916. List the prime factors of y.
2, 19, 881
Let i(m) = -69*m + 1209. Let l(y) = 24*y - 403. Let c(r) = -2*i(r) - 7*l(r). What are the prime factors of c(10)?
103
Let l(i) = 38*i + 28. Let f be l(10). Suppose 145 = 7*s - f. Suppose -3*k + s + 50 = 0. What are the prime factors of k?
43
Suppose -29*b - 3*b = -4*b - 15064. List the prime factors of b.
2, 269
Suppose 4*b = 527 + 57. Let r be (16/(-68))/2 - 108/(-51). Suppose -2*s + b = i, r*i - i - 137 = -5*s. List the prime factors of i.
2, 19
Let w = -34 - -34. Suppose 927 = a + 3*j, -2*a - 5*j + j + 1856 = w. List the prime factors of a.
2, 3, 5, 31
Suppose -9 - 1 = -5*n. Suppose h - 22 = n*h. List the prime factors of (13 - 12)/((-2)/h).
11
Suppose 1911 - 1956 = 5*n, 2*z - 4*n = 136102. List the prime factors of z.
7, 9719
What are the prime factors of (-10 + 1220/150 + (-2)/(-3))*-1510?
2, 3, 151
Suppose -1347 = -4*u + 717. Suppose 4*r + 104 = u. Suppose 7*m - 310 - r = 0. What are the prime factors of m?
59
Suppose -5 + 11 = 2*k. Suppose f - 1 - k = 0. Suppose -f*j + 24 = 4*u, u + j = -3*j. What are the prime factors of u?
2
Suppose 11 = 14*v + 11. List the prime factors of 615 - (v - (-5 + 0 + 0)).
2, 5, 61
Let d(r) = -r. Let p(q) = 2*q + 19. Let x(g) = 5*d(g) + p(g). Let k be x(5). Suppose -2*a + k*a = 148. List the prime factors of a.
2, 37
Let y(n) = n**3 - 104*n**2 - 102*n - 67. List the prime factors of y(106).
11593
Let o be (-992)/(-2) + 9/(-1) + 11. Let q = 1237 - o. List the prime factors of q.
739
Suppose -5*m - 61 + 86 = 0. Suppose 0 = -m*f + 194 + 31. List the prime factors of f.
3, 5
Suppose 12*a - 8*a + 81*a = 498355. List the prime factors of a.
11, 13, 41
Let v = 325 + -251. List the prime factors of (-75 + v)*-1*382.
2, 191
Let j = -6962 + 13252. List the prime factors of j.
2, 5, 17, 37
Let g(r) = -41*r - 81. Let i = -75 - -61. List the prime factors of g(i).
17, 29
Let y = -13 - -7. Let z(t) be the second derivative of -t**5/20 - t**4/12 - 2*t**3/3 + 3*t**2 + 19*t + 15. What are the prime factors of z(y)?
2, 3, 5, 7
Suppose s + 1 = 2. Let k be -12 + s + 3 - 3. What are the prime factors of (-1268)/(-10) - k/55?
127
Let o = 6869 + 5440. List the prime factors of o.
3, 11, 373
Let n(u) = 8*u**2 - 19*u - 330. What are the prime factors of n(-26)?
2, 7, 199
Suppose 4*g + y - 88 = -2*y, -4*g - 4*y = -84. Let n = 20 + g. Let i = 79 - n. List the prime factors of i.
2, 17
Let r(i) = -i**3 - 19*i**2 - 26*i - 32. Let b be r(20). List the prime factors of (b/(-21))/(-8)*-7.
673
Let p be (0 - -198)/((-3)/(-2)). Suppose -4*s + 28 - p = 0. Let r = s + 38. What are the prime factors of r?
2, 3
Let h = 3918 + 1170. List the prime factors of h.
2, 3, 53
Suppose 82 = -3*g - 11. Let i be (-1368)/(-42) - -1*15/35. Let x = i + g. List the prime factors of x.
2
Let o be 81 + -1 + 3 + -1. Let a = o - 93. List the prime factors of 11/(a/(-108)) + 4.
2, 7
Suppose -5*f - 3*g = 595, -f - 3*g - 91 = -8*g. Suppose -p + 340 = 404. Let n = p - f. What are the prime factors of n?
2, 13
Suppose -34*x - 19*x = -1240624. What are the prime factors of x?
2, 7, 11, 19
Let v(t) = -11*t - 1. Let n be v(-3). Let k = n + -14. Suppose 0 = 16*m - 17*m + k. What are the prime factors of m?
2, 3
Let o(a) = -2*a**2 - 2*a + 7. Let s be o(6). Let l = -40 - s. Suppose c = 128 - l. What are the prime factors of c?
7, 13
Suppose -65*g = -68*g - 219. Let l = 538 + g. What are the prime factors of l?
3, 5, 31
Let g be ((-106)/212)/((-1)/12). List the prime factors of (-1388)/g*(675/(-10))/15.
3, 347
Let a(l) = 6*l**2 - 5*l - 10. Let r be a(-2). What are the prime factors of (92/(-6))/(r/(-972))?
3, 23
Suppose -v + 885 - 179 = 0. Suppose -v - 536 = h. What are the prime factors of h/(-10) - 21/105?
2, 31
Let q = -226 - -229. What are the prime factors of (9*48/(-42))/(q/(-126))?
2, 3
Let c(p) = -4*p**3 - 60*p**2 + 68*p - 52. What are the prime factors of c(-31)?
2, 3709
Let y = 4052 + -2629. Suppose -10*x = -5567 - y. What are the prime factors of x?
3, 233
Let x(y) = 1103*y**3 + y**2 + 2*y - 2. Let l be x(1). Let o = l - 645. List the prime factors of o.
3, 17
Suppose -5*h - 4*a = -945, 3*a - 343 - 224 = -3*h. Suppose -2*c + 5*u + 950 = 0, -3*c + 4*u + 2111 = 686. Let x = c - h. List the prime factors of x.
2, 11, 13
Let x = 364 - 323. Let h = 387 - x. What are the prime factors of h?
2, 173
Let m(q) 